. Suppose q + v = 2*i, 4*q + 762 = i - 2*i. Let z = -113 - q. Is z a composite number?
True
Let n(g) = g**2 + 2*g + 4. Let c be 1*(-5)/((-5)/2). Suppose c*i - 5*r - 14 = 12, i = 4*r + 19. Is n(i) prime?
True
Let b(i) = -i**2 + 4*i. Let m(s) = -s**2 + 3*s - 1. Let t(r) = 2*b(r) - 3*m(r). Is t(6) composite?
True
Suppose -4*a + 7 + 5 = 0. Is 6/18 - (-230)/a a prime number?
False
Let o(d) = 12*d - 18*d + 5 - 2 - 2. Let a(r) = 9*r. Let s be a(-1). Is o(s) composite?
True
Let i be -3 - (-6 + -2 + 3). Suppose -137 = -i*o + 21. Is o composite?
False
Suppose -2*s - 3*s - 220 = 0. Let p be s/(-1 + 0/(-3)). Suppose -3*h - 5 = -p. Is h composite?
False
Let s(t) = t**3 - 10*t**2 - 10*t + 1. Let y be s(11). Suppose -160 + y = -4*l. Is l prime?
True
Let x(m) = m**3 + 10*m**2 - 7*m + 9. Let y be 204/(-20) + (-1)/(-5). Is x(y) prime?
True
Let k(v) = -v**3 - 7*v**2 - 6*v + 3. Let c be k(-6). Suppose -2*r = 3*w - 320, -2*r - w + 318 = c*w. Is r a prime number?
True
Suppose -4*n + 175 = j, j - 2*n = 100 + 99. Is j prime?
True
Let h = 2882 - 328. Is h prime?
False
Suppose 404 + 534 = 2*r. Is r a composite number?
True
Let j(d) = 2*d**3 - 5*d**2 + 2*d - 5. Let b = -1 - -5. Is j(b) a prime number?
False
Let x = -69 - -111. Let t = x - 11. Is t a prime number?
True
Suppose -3*m + 2*d - 17 = 0, 2*m + 2*d - 1 - 1 = 0. Let h be (m - -3)*2/(-4). Is h - 2 - 1*-69 a prime number?
True
Is (-2)/(-6) - 10880/(-12) a composite number?
False
Let k(x) = 56*x**2 + 2*x + 1. Is k(-1) a prime number?
False
Suppose -4 = 2*s - s. Let l = s - -35. Is l prime?
True
Suppose r + w - 1632 = 172, 5*r - 5*w - 8970 = 0. Is r a composite number?
True
Let w = -9 + 10. Let s be ((w - 1)/(-3))/1. Is 37 + -4 + 0 + s composite?
True
Let r(d) = -5*d**3 - 2*d**2 - d - 1. Let t = -14 + 12. Is r(t) composite?
True
Suppose 13*f + 3*f - 4720 = 0. Is f composite?
True
Is (-20)/6*(-609)/14 a prime number?
False
Is (-2 - -3)*-1*-127 a prime number?
True
Suppose 666 - 2261 = -5*t. Is t composite?
True
Suppose -6*l + 4759 = -347. Is l a composite number?
True
Let b be (-1)/(1/4*-1). Suppose m - 59 = b. Suppose -m + 18 = -5*p. Is p a prime number?
False
Suppose -7*j + 455 = -2*j. Is j prime?
False
Let c(z) = -12*z - 7. Is c(-5) a composite number?
False
Suppose -682 - 624 = -b. Is b a prime number?
False
Suppose -8800 = -7*l - 1289. Is l a composite number?
True
Suppose 6*u + 4*t = u + 31, 2*t = -u + 11. Suppose 0 = -0*m + 3*m - 213. Suppose p + 2*p - q - m = 0, 4*p - 73 = -u*q. Is p a composite number?
True
Suppose 5*h = 3*h - 5*b + 4, -4*h = -2*b + 16. Let f = h + 5. Suppose 0 = l + f*l - 207. Is l a prime number?
False
Let a(z) be the second derivative of 2*z**3 - z**2/2 + 2*z. Let r be a(3). Suppose 0*i - r = -i. Is i composite?
True
Suppose 3*a + 2*a = 60. Let h = 25 - a. Let u = h - -40. Is u a prime number?
True
Let s = -7 + 148. Is s composite?
True
Let f be (-3*1)/(-6)*-2. Let c be (-36)/(-8) - f/(-2). Suppose 0 = -0*v + c*v - 196. Is v composite?
True
Let t(j) = -j**3 + j**2. Let z(b) = 2*b**3 - 19*b**2 - 21*b - 5. Let i(a) = 3*t(a) + z(a). Is i(-15) a prime number?
False
Let m(z) = -3*z + z + 4 + 2 + 1. Is m(-7) prime?
False
Let d(p) = p**3 + 3*p**2 - 10*p - 7. Let q be d(-6). Let b = 39 - q. Is b prime?
False
Let z = -4 - -9. Let s = 8 + -10. Is 53/z - s/5 prime?
True
Let l be ((-14)/8)/((-2)/248). Let c = l - 150. Is c a prime number?
True
Let i be 5*(3 + 1 + -2). Suppose -4*a + 4*f + 8 = 0, f + 4*f = 2*a - i. Suppose -2*l + 9 + 21 = a. Is l a composite number?
True
Let d(p) = 5*p**2 + 6*p + 6. Is d(7) a composite number?
False
Let b(y) = 32*y + 1. Let w be b(2). Let t = 141 - w. Suppose -k = 5*j - 157, -2*k + 21 = 3*j - t. Is j a composite number?
False
Suppose 1607 = 5*f + 62. Is f composite?
True
Let h(d) be the second derivative of -3*d**5/10 - d**4/12 + d. Let z be h(-1). Is (-2 - -3)*(z + 1) composite?
True
Let v = 246 + -175. Is v a prime number?
True
Suppose 3414 = 5*n - 2*n. Is n composite?
True
Suppose 6*k = 3*k + 69. Suppose -2*h = -217 + k. Is h a composite number?
False
Let h(v) = 3*v**2 - 3*v + 1. Let y = -2 + -7. Let b be (y/6)/(1/2). Is h(b) composite?
False
Let s(o) = -2*o + 6. Let v be s(4). Suppose -2*w + 0*w = 6. Is ((-62)/(-3))/(v/w) a composite number?
False
Suppose 4*l - l = 531. Let h = 251 - l. Let y = h - 53. Is y a composite number?
True
Suppose 0 = 5*j - 1 + 16. Let r = 33 + j. Let l = -19 + r. Is l prime?
True
Is -3 + 262 + (-4)/2 a prime number?
True
Let f(d) = 4*d**2 + 2*d + 1. Let h be f(-1). Suppose h*t - 194 = 2*l, 25 = 2*t - 4*l - 99. Suppose 5*v = -t + 236. Is v a prime number?
False
Suppose -382 - 258 = -5*a. Let s(i) = -9*i**2 + 3*i - 1. Let h be s(3). Let l = h + a. Is l a composite number?
True
Let y(w) = -4 + 8*w**2 - w + 2 - 1. Is y(4) composite?
True
Let s(m) = -4*m + 0*m - 3*m**2 + 4 + m**3 - 3 + 0. Let w be s(5). Suppose -p + w = -26. Is p prime?
False
Suppose -43 - 71 = -3*o. Is o a composite number?
True
Suppose q + 0*q - 14 = 0. Suppose -3*c = f - 3*f + 17, -4*f = 8. Let r = c + q. Is r prime?
True
Let a = 482 - 269. Is a a composite number?
True
Let j = -3 - -5. Suppose j*d - 131 = d. Is d a composite number?
False
Let l = -958 + 1367. Is l a composite number?
False
Let m(t) = -t. Let j(s) = s. Let y(h) = j(h) + 2*m(h). Let l(b) = 4*b + 5. Let g(d) = -l(d) + 4*y(d). Is g(-6) prime?
True
Let h(x) = 5*x - x + 2 + 10*x**2 - 3. Is h(-4) prime?
False
Let u(s) = s**3 - 10*s**2 - 9*s - 3. Is u(12) a prime number?
False
Suppose 91 = -5*a + 386. Is a a composite number?
False
Let z(h) = -h**2 - 10*h + 15. Let m be z(-11). Suppose 167 = n - 3*u, u = 4*n + m*u - 638. Is n a composite number?
True
Let n be 126/35 + 6/(-10). Suppose -4*x = 5*v - 11, 4*x - n*v = -5*v + 14. Suppose 3 + 3 = 2*q, -2*s + 86 = x*q. Is s a composite number?
False
Let w be (-1)/(-3) - (-70)/6. Suppose 2*b = -b + w, 15 = -v + 5*b. Suppose -5*t = -v*k + 70, -k - t + 4 + 10 = 0. Is k prime?
False
Is ((-124)/6)/((-38)/57) prime?
True
Is (-2574)/(-16) - 4/(-32) prime?
False
Let h(b) = 4*b. Let j be h(1). Suppose 3*r + 16 = -d, -3*r = -d - j*d + 10. Let o(m) = 18*m**2 - m. Is o(d) prime?
True
Suppose -10*p - 711 = -13*p. Is p composite?
True
Let w = -16 - -19. Suppose -b + w*r = -334, 3*b + 3*r = -2*r + 1016. Is b a composite number?
False
Let r(s) = 2*s**2 + 5. Let c(a) = -a**2 + 6*a - 4. Let o be c(6). Is r(o) a prime number?
True
Let z = -186 + 385. Is z prime?
True
Suppose -14*k - 4*j = -9*k - 20215, -j = -k + 4043. Is k prime?
False
Let f = -1 + 5. Suppose 0 = 4*q - 7*y + f*y + 89, 5*q + 5*y = -155. Is 4/q + 1159/13 a composite number?
False
Is 5322/12 - (-1)/(-2) prime?
True
Let k(x) = 5*x**2 + 6*x - 25. Is k(6) composite?
False
Let d(i) = 2*i**2 + 3*i + 12. Let o be d(8). Let b = -106 + o. Is b a composite number?
True
Let g = 51 - -1199. Suppose 5*c - 169 = -x + 57, 5*x = -c + g. Is x a composite number?
False
Let p(c) = 11*c**2 + 4*c + 1. Let d be p(-5). Let t = d + -179. Is t a composite number?
True
Suppose f - 3*n = 139, 3*f - 8*f - 3*n = -623. Is f composite?
False
Let g(w) = 1 - 6*w**2 + 10*w - 17*w + 4. Let n(k) = -k**2 - k. Let d(y) = -g(y) + 5*n(y). Is d(4) a prime number?
True
Let f(x) = -x**2 - x. Suppose 0 = 2*o + 3 + 1. Let c(r) = 14*r**2 - r. Let p(q) = o*f(q) + c(q). Is p(-1) prime?
False
Let l(d) = -86*d + 3. Let j be l(2). Let x = j + 94. Let f = -20 - x. Is f a composite number?
True
Suppose k = -m + 5*m - 1490, -m - 3*k + 379 = 0. Is m prime?
True
Let c(o) = -42*o - 2. Let z be c(-11). Suppose -i - z = -5*i. Is i a composite number?
True
Let x = -36 - -66. Suppose 2*q = x + 24. Is 1 - (-1 - (q - -2)) prime?
True
Suppose -10*q + 1564 = -12816. Is q composite?
True
Let f be 3/(-2)*2364/9. Let l be f/(-11) - (-2)/11. Suppose b - 47 = l. Is b prime?
True
Suppose -5*i - 2*m + 6 = -0, -5*i - m = -8. Let a(f) = 14 + f - 11*f**2 - 13 + 43*f**i. Is a(-2) composite?
False
Let m(u) = -2*u + 9. Is m(-8) prime?
False
Let i be 6 - (0/1 - -2). Suppose 5*p - 221 = i*p. Is p prime?
False
Let v be (-8)/(-44) - (-2614)/22. Suppose 525 = 2*t + v. Is t composite?
True
Suppose -4*a + 5*y = -33, 2 = -4*a + y - 3*y. Suppose a*m = -m - 15, -2*b = 3*m + 15. Suppose b = -4*v + 15 + 13. Is v prime?
True
Suppose -3*m - 4 + 1 = 0. Is 1/2*(m - -279) prime?
True
Let v be (16/(-20))/((-1)/5). 